{"id":227,"date":"2019-05-23T16:57:08","date_gmt":"2019-05-23T16:57:08","guid":{"rendered":"http:\/\/resortestollan.com.mx\/?page_id=227"},"modified":"2023-10-26T20:13:11","modified_gmt":"2023-10-26T20:13:11","slug":"aviso-de-privacidad","status":"publish","type":"page","link":"https:\/\/resortestollan.com.mx\/index.php\/aviso-de-privacidad\/","title":{"rendered":"AVISO DE PRIVACIDAD"},"content":{"rendered":"\n<p>Resortes Industriales Tollan, S.A. de C.V., con domicilio en C. Laureles S\/N Col. Dos Cerros,  Mixquiahuala de Ju\u00e1rez, Hgo., C.P 42710, tel\u00e9fono 738 735 31 65 y correo electr\u00f3nico <a href=\"mailto:gerencia@resortestollan.com\">gerencia@resortestollan.com.mx<\/a> \u00a0es responsable del uso y protecci\u00f3n de su informaci\u00f3n personal. <\/p>\n\n\n\n<p class=\"has-text-align-center\">Se hace de su conocimiento que su informaci\u00f3n personal ser\u00e1 utilizada para proveer los servicios y productos que ha solicitado, sus datos ser\u00e1n recabados directamente al solicitar nuestros servicios, mediante correo electr\u00f3nico y\/o v\u00eda telef\u00f3nica y ser\u00e1n \u00fanicamente los necesarios para facturaci\u00f3n y servicios ofrecidos. As\u00ed mismo, sus datos personales ser\u00e1n utilizados para las siguientes finalidades.<\/p>\n\n\n\n<ul>\n<li>Fabricaci\u00f3n de resortes y formas\nde alambre<\/li>\n\n\n\n<li>Informar sobre cambios, nuevos\nproductos y\/o servicios que est\u00e9n relacionado con el\/los contratado(s) o\nadquirido(s) por el cliente <\/li>\n\n\n\n<li>Dar cumplimiento a obligaciones\ncontra\u00eddas con nuestros clientes<\/li>\n\n\n\n<li>Facturaci\u00f3n<\/li>\n\n\n\n<li>Evaluar la calidad del servicio que\nle brindamos <\/li>\n\n\n\n<li>Realizar cotizaciones y enviarle\npropuestas de trabajo en base a la informaci\u00f3n que nos proporciona mediante v\u00eda\ntelef\u00f3nica o correo electr\u00f3nico &nbsp;<\/li>\n<\/ul>\n\n\n\n<p class=\"has-text-align-center\">De la misma manera, los datos personales\nrequeridos para facturaci\u00f3n, los cu\u00e1les ser\u00e1n tratados de conformidad con la\nLey Federal de Protecci\u00f3n de Datos Personales en Posesi\u00f3n de los Particulares,\nsu Reglamento y los Lineamientos son los estrictamente necesarios para proveer\ny cumplir con esta finalidad.<\/p>\n\n\n\n<p class=\"has-text-align-center\">No se compartir\u00e1 informaci\u00f3n\nsin consentimiento del titular, entendiendo el mismo que de forma regular los\ndatos personales podr\u00e1n ser utilizados y compartidos para ciertas actividades\ncuya naturaleza lo requiera, tales como; reclutamiento y selecci\u00f3n de personal,\npromoci\u00f3n y publicidad, difusi\u00f3n de boletines e informaci\u00f3n, publicaci\u00f3n de\nart\u00edculos informativos, actividades administrativas cuando las autoridades\npertinentes lo requieran. <\/p>\n\n\n\n<p class=\"has-text-align-center\">La confidencialidad de los datos est\u00e1 garantizada y los\nmismos est\u00e1n protegidos por medidas de seguridad administrativas, t\u00e9cnicas y\nf\u00edsicas, para evitar su da\u00f1o, p\u00e9rdida, alteraci\u00f3n, destrucci\u00f3n, uso, acceso o\ndivulgaci\u00f3n indebida. \u00danicamente las personas autorizadas tendr\u00e1n acceso a sus\ndatos.<\/p>\n\n\n\n<p class=\"has-text-align-center\">Para solicitar el acceso,\nrectificaci\u00f3n, cancelaci\u00f3n u oposici\u00f3n a que tiene derecho, el titular de la\ninformaci\u00f3n personal podr\u00e1 dirigirse a Resortes Industriales Tollan, S.A. de\nC.V., ya sea mediante las formas de contacto disponibles en la p\u00e1gina de\ninternet, www.resortestollan.com o al tel\u00e9fono 738 725 01 46 \/ 738 735 31 65.<\/p>\n\n\n\n<p>La informaci\u00f3n se encontrar\u00e1\nresguardada y protegida, ya sea por medios f\u00edsicos o electr\u00f3nicos.<\/p>\n\n\n\n<p class=\"has-text-align-center\">Cualquier modificaci\u00f3n a este aviso de privacidad ser\u00e1 dada\na conocer mediante correo electr\u00f3nico, p\u00e1gina web o de manera personal usted\npodr\u00e1 conocer el nuevo aviso de privacidad en las instalaciones de esta\nempresa.<\/p>\n\n\n\n<p class=\"has-text-align-center\">Resortes Industriales Tollan\nS.A. de C.V. se reserva el derecho revisar y actualizar el presente aviso de\nprivacidad.<\/p>\n","protected":false},"excerpt":{"rendered":"<p>Resortes Industriales Tollan, S.A. de C.V., con domicilio en C. Laureles S\/N Col. Dos Cerros, Mixquiahuala de Ju\u00e1rez, Hgo., C.P 42710, tel\u00e9fono 738 735 31 65 y correo electr\u00f3nico gerencia@resortestollan.com.mx \u00a0es responsable del uso y protecci\u00f3n de su informaci\u00f3n personal. Se hace de su conocimiento que su informaci\u00f3n personal ser\u00e1 utilizada para proveer los servicios [&hellip;]<\/p>\n","protected":false},"author":1,"featured_media":0,"parent":0,"menu_order":0,"comment_status":"closed","ping_status":"closed","template":"","meta":{"footnotes":""},"jetpack_sharing_enabled":true,"_links":{"self":[{"href":"https:\/\/resortestollan.com.mx\/index.php\/wp-json\/wp\/v2\/pages\/227"}],"collection":[{"href":"https:\/\/resortestollan.com.mx\/index.php\/wp-json\/wp\/v2\/pages"}],"about":[{"href":"https:\/\/resortestollan.com.mx\/index.php\/wp-json\/wp\/v2\/types\/page"}],"author":[{"embeddable":true,"href":"https:\/\/resortestollan.com.mx\/index.php\/wp-json\/wp\/v2\/users\/1"}],"replies":[{"embeddable":true,"href":"https:\/\/resortestollan.com.mx\/index.php\/wp-json\/wp\/v2\/comments?post=227"}],"version-history":[{"count":10,"href":"https:\/\/resortestollan.com.mx\/index.php\/wp-json\/wp\/v2\/pages\/227\/revisions"}],"predecessor-version":[{"id":483,"href":"https:\/\/resortestollan.com.mx\/index.php\/wp-json\/wp\/v2\/pages\/227\/revisions\/483"}],"wp:attachment":[{"href":"https:\/\/resortestollan.com.mx\/index.php\/wp-json\/wp\/v2\/media?parent=227"}],"curies":[{"name":"wp","href":"https:\/\/api.w.org\/{rel}","templated":true}]}}